 of t(m)?
8
Let y be (-14 - -2)/(-3) - -140. Suppose -4*f = 5*j - y, -5*f + 70 = 5*j - 110. Let b = -4 + f. What is the tens digit of b?
3
Suppose -5*a - 255 = -3*c, 4*c + 25 = -c. What is the tens digit of 27/a*(-105 + -1)?
5
Let m(o) = -18*o + 68. Let v(u) = u**2 + 14*u + 34. Let l be v(-10). What is the tens digit of m(l)?
7
Suppose 131 = -3*j + 536. Suppose 5*u - j = 250. What is the tens digit of u?
7
Let c = 11 + -11. Suppose 5*h = -5, -4*d + 3 + c = h. Let s = d - 0. What is the units digit of s?
1
Let b(j) = 255*j**2 + 21*j + 29. What is the units digit of b(-3)?
1
Let t(w) = -17*w + 30. Let y(x) = -9*x + 16. Let m(g) = 6*t(g) - 11*y(g). Let r(f) = -2*f + 7. Let k be r(6). What is the tens digit of m(k)?
1
Suppose 6 = p + 5*j, 0*p + 5*j = -5*p - 10. What is the units digit of p + (-46)/(-2)*1?
9
Let i(g) = g**3 - 4*g**2 - 6*g + 7. Let k be i(5). Suppose -15 = k*n - 3*v, -4*n + 1 + 2 = 5*v. What is the units digit of n/(-2)*(-12)/(-3)?
6
Let z be (-6)/(-5)*40/8. Let m = 26 - 27. What is the tens digit of (-2)/m - (-44 + z)?
4
Suppose -4*d + 28 = 4. What is the units digit of d?
6
Let g be 2*(-2)/(-4) - (-50 + -4). Let b = g - 45. What is the units digit of b?
0
Let p(c) = 18*c**2 + 24*c + 4. What is the tens digit of p(-6)?
0
Suppose 5*s = 431 + 154. Let p = s - 69. Suppose 2*v - 30 = -2*x, -5*v - 2*x + p + 42 = 0. What is the tens digit of v?
2
Let k = -137 + 249. Suppose k = 3*l - 5*n + 3*n, 3*l - 3*n = 114. What is the units digit of l?
6
Suppose 0 = 12*q + 514 - 2974. What is the tens digit of q?
0
Suppose -7*m - 1635 = 493. What is the units digit of -1 + 2 - 5 - (m - 25)?
5
Suppose 2*y - 318 = u, 151 = y - 4*u - 1. What is the units digit of y/24 - 2/3?
6
Let y(h) = h. Let o be y(-7). Let r = 4 - o. What is the units digit of r?
1
Let x = 17 + -13. Let m = x + 12. What is the tens digit of m?
1
What is the tens digit of -2 + 6 + -3 + 57?
5
Let w = -11 - -13. Suppose 3*j - 52 = 4*t, -3*t = w*t - 10. Suppose -15*a + j*a - 5 = 0. What is the units digit of a?
1
Let u(j) = 21*j**2 - 4*j + 21. What is the tens digit of u(-6)?
0
Suppose 4*i - 322 = 3*l - 22, -3*i + 212 = l. Suppose -7*q + 2*q = -25. Suppose -2*a + p + i - 15 = 0, q*a - p - 150 = 0. What is the units digit of a?
1
Let m(d) = -d**3 + d**2 + 3*d - 2. Let k be m(4). Let u be 3/3*(-1 + (55 - -3)). Let t = k + u. What is the units digit of t?
9
Suppose -18*b + 3*b - 30 = 0. What is the units digit of (8325/(-74))/(b/(-4)*-1)?
5
Let x be (64/10)/(4/20). Let s(w) = 2*w**2 + 15*w - 64. Let m be s(5). Let o = m - x. What is the tens digit of o?
2
Let d be (11 + -5)*(-2)/(-3). Suppose d*l + 3*f = 21 - 1, 4*f - 10 = -2*l. Let x = 8 - l. What is the units digit of x?
3
Let g(v) = -71*v**2 + 6*v. Let p(m) = -144*m**2 + 13*m. Let k(d) = -13*g(d) + 6*p(d). Let s be 2 - (2 + 1) - 0. What is the units digit of k(s)?
9
Let d = -23 - -20. Let z be 53 + (-2)/d*-3. Let a = -24 + z. What is the tens digit of a?
2
Suppose -12*z + 0 = -0. Suppose 5*h - n + 2*n - 662 = z, 3*h - 5*n - 386 = 0. What is the units digit of h?
2
Let p(x) be the third derivative of x**5/60 - 13*x**4/24 + x**3/2 - 2*x**2. Let m(q) be the first derivative of p(q). What is the units digit of m(9)?
5
Suppose -g + 4 = g. Suppose -i + 2*i = g. Suppose -88 = -i*n - 2*n. What is the tens digit of n?
2
Let z(b) = -b + 3. Let t be z(0). Suppose 2*d = -t*d + 85. What is the tens digit of d?
1
Suppose -21*x = -10*x - 40623. What is the thousands digit of x?
3
Let s(g) = 9*g. Let j be s(-1). Let v = j - -8. Let d(a) = -4*a**3 + a**2 - a - 1. What is the units digit of d(v)?
5
What is the hundreds digit of (15/(-6))/(17/(-6528))?
9
Let k(y) = 429*y**2 + 2*y. What is the tens digit of k(-1)?
2
Suppose -x = -4*x + 639. Suppose -16*j + 187 = -x. What is the units digit of j?
5
Let t(d) be the third derivative of -d**5/60 - d**4/8 + 33*d**3/2 + 15*d**2. What is the units digit of t(0)?
9
Suppose -4 = 2*c - 4*z + 9*z, 2*z + 4 = 0. Let v = -5 + -20. What is the units digit of (30/v)/(c/(-30))?
2
Let i be ((-16)/(-12))/(300/(-153) - -2). Let l = 65 - i. What is the tens digit of l?
3
Let g be (-12)/(-16) - 674/(-8). Suppose 0 = 2*h + 3*d - g, -3*h + 2*h + 2*d + 53 = 0. What is the tens digit of h?
4
Suppose -2*z + 2 = 0, 7*z = 5*y + 5*z - 6213. What is the hundreds digit of y?
2
Let q(w) be the third derivative of w**5/60 - w**4/8 - w**3/2 - 18*w**2. Suppose -5*y = -a - 20 - 11, a - 32 = -4*y. What is the units digit of q(y)?
5
Let x = 1482 + 393. What is the hundreds digit of x?
8
Suppose 7413 = 207*m - 200*m. What is the tens digit of m?
5
Let s = 10 - 10. Suppose -l = -6*l + 160. Suppose 3*r - 4*j = 25 + l, s = 5*r + j - 95. What is the tens digit of r?
1
Suppose -4*r + 14 + 2 = -y, -4*r = -16. Suppose 2*h = -y*h - 34. What is the units digit of h/((8/(-4))/2)?
7
Suppose -l = -1 - 5. Let s be l/(-15) + 1608/20. Suppose s + 150 = 5*p. What is the tens digit of p?
4
Let t = 28 - 18. Let r(d) = -d**2 + 7*d + 34. What is the units digit of r(t)?
4
Let h(d) be the first derivative of -3*d**2 + 3 + 2/3*d**3 - 3*d. What is the tens digit of h(5)?
1
Suppose 5*h - h - 16 = -3*y, -20 = -5*h - 4*y. Let p be ((-60)/35)/(h/(-98)). Suppose -4 = o - 4*j - p, 4*o + 4*j - 72 = 0. What is the units digit of o?
2
Suppose 2*s + 5*t = 4*s - 68, -3*s = -t - 128. Suppose d = 24 + s. What is the units digit of d?
8
Let d(i) be the second derivative of i**5/20 - i**4/4 + i**3/2 + i**2/2 - 3*i. Let x(s) = s. Let z be x(3). What is the tens digit of d(z)?
1
Let w be 97780/180 + 2/(-9). Suppose 3*x - 6*x + w = 0. What is the hundreds digit of x?
1
Suppose i + 3*w = -6, -14 = -i + 5*w + 4. Suppose -i*o + 3 = 0, -q + 2 = o - 2*o. Suppose 24 = 4*u - 2*y, 0*y = -q*u + 5*y + 11. What is the units digit of u?
7
Let h(i) = 33*i - 5. Let a be h(2). Let f = a + -34. Let s = 8 + f. What is the units digit of s?
5
Let g be (84/15)/((-4)/(-20)). Let u = g + -13. What is the tens digit of u?
1
Suppose 48 = o + 46. Suppose n - 121 = -5*f, 0*n = o*n - 3*f - 255. What is the tens digit of n?
2
What is the hundreds digit of (11 - 3 - 159)*(1 - 2)?
1
Let y(j) = 13*j**2 + 2*j - 29. What is the hundreds digit of y(9)?
0
Let z = 305 + -21. Let x = -169 + z. What is the units digit of x?
5
Suppose -2*p + 12 = -5*p, -2*o = -3*p - 16. What is the units digit of (0 + 2)*o + 115?
9
Let p = 127 - 113. Let o(g) = -g**2 + 22*g + 24. What is the hundreds digit of o(p)?
1
Let b = 88 + 49. What is the units digit of b?
7
Let t = -135 - -173. Suppose 0 = t*u - 44*u + 540. What is the units digit of u?
0
Let s = 197 - -250. What is the tens digit of s?
4
Let c be (-8)/(-20) - 2/5. Let t be (-8 + 3)/((-5)/6). Let x = t + c. What is the units digit of x?
6
Let j be 16 - 1 - (0 - -1). Suppose w + w = -j. What is the units digit of 7/(-7)*(w + 0)?
7
What is the hundreds digit of (-13002)/(-4)*-1*(-12)/18?
1
Suppose 170*t - 13700 = 145*t. What is the tens digit of t?
4
What is the tens digit of 13428/28 + 28/(-49)?
7
Let s = -423 - -1292. What is the units digit of s?
9
Suppose 5*x = -5*u + 3210, 4*x + 953 = 3*u - 980. What is the tens digit of u?
4
What is the tens digit of 90/(-360) - 3253/(-4)?
1
Let k(u) = -2*u**3 - 6*u**2 - 2*u + 2790. What is the thousands digit of k(0)?
2
Suppose -19*r + 1863 = 172. What is the units digit of r?
9
Suppose g - 9 + 7 = 0. Let c(n) = 2*n**3 + 2*n**2 - 3*n + 1. What is the tens digit of c(g)?
1
Suppose 5*r = 2*f - 6, 0 = -3*r - 0*r + 2*f - 2. Suppose c + 560 = 5*c. What is the tens digit of r/(-3) + c/15?
1
What is the hundreds digit of (0 - 8)*39/(-6)*2?
1
Let b = -10 - -7. Let g(u) be the second derivative of -u**5/20 + u**3/6 + u. What is the units digit of g(b)?
4
What is the hundreds digit of (16500/25)/(1/(-3) - -1)?
9
Let m(q) = 4*q - 2. Let i = -4 - -6. What is the units digit of m(i)?
6
Suppose 5*p - 7405 = 13*j - 12*j, 5*j = 3*p - 4421. What is the units digit of p?
2
Suppose -4*n = -387 + 79. Suppose -n = -5*y - 3*p, 6*p = 5*y + 5*p - 61. Let d = y + 6. What is the tens digit of d?
1
Let h(l) = l**3 - 2*l**2 - 3*l + 4. Let r be h(3). Suppose -r*b + 68 = 3*n - 0*b, -n + 21 = b. What is the units digit of n?
6
What is the units digit of (3101 - -33)/(5/((-5)/(-2)))?
7
Suppose 2*p - v - 13 = 0, 2*p - 21 = -p + 2*v. Let j(m) = 6*m + 6. Let d be j(p). Su